07-26 11:09:01.254 E/Sensors ( 667): accelHandler -0.040715 9.453142 -2.481240
07-26 11:09:03.236 E/MP-Decision( 1366): DOWN Ld:29 Ns:1.100000 Ts:190 rq:0.600000 seq:235.000000
07-26 11:09:03.706 E/MP-Decision( 1366): UP Ld:74 Nw:1.990000 Tw:140 rq:1.900000 seq:147.000000
07-26 11:09:04.407 E/MP-Decision( 1366): DOWN Ld:51 Ns:1.100000 Ts:190 rq:0.600000 seq:196.000000
07-26 11:09:04.757 E/Sensors ( 667): accelHandler 0.912502 9.477093 -3.907474
07-26 11:09:04.817 E/MP-Decision( 1366): UP Ld:65 Nw:1.990000 Tw:140 rq:2.200000 seq:146.000000
07-26 11:09:06.730 E/ (30961): : Can't open file for reading
07-26 11:09:06.730 E/ (30961): : Can't open file for reading
07-26 11:09:06.730 E/ (30961): : Can't open file for reading
07-26 11:09:08.261 E/Sensors ( 667): accelHandler 0.268242 9.350156 -3.021317
07-26 11:09:08.842 E/MP-Decision( 1366): DOWN Ld:54 Ns:1.100000 Ts:190 rq:1.000000 seq:196.000000
07-26 11:09:09.553 E/MP-Decision( 1366): UP Ld:27 Nw:1.990000 Tw:140 rq:2.800000 seq:147.000000
07-26 11:09:10.343 E/DowngradeSafeSQLiteOpenHelper(30830): old version: 25 new version: 25
07-26 11:09:10.514 E/ (30830): : Can't open file for reading
07-26 11:09:10.524 E/ (30830): : Can't open file for reading
07-26 11:09:10.524 E/ (30830): : Can't open file for reading
07-26 11:09:11.755 E/Sensors ( 667): accelHandler -0.288600 9.277108 -1.058599
07-26 11:09:12.556 E/MP-Decision( 1366): DOWN Ld:17 Ns:1.100000 Ts:190 rq:0.700000 seq:196.000000
07-26 11:09:13.367 E/MP-Decision( 1366): UP Ld:22 Nw:1.990000 Tw:140 rq:2.200000 seq:147.000000
07-26 11:09:14.598 E/MP-Decision( 1366): DOWN Ld:18 Ns:1.100000 Ts:190 rq:0.300000 seq:196.000000
07-26 11:09:15.259 E/Sensors ( 667): accelHandler -1.250200 9.532178 0.053888
07-26 11:09:16.830 E/MP-Decision( 1366): UP Ld:29 Nw:1.990000 Tw:140 rq:2.000000 seq:147.000000
07-26 11:09:17.221 E/MP-Decision( 1366): DOWN Ld:22 Ns:1.100000 Ts:190 rq:0.000000 seq:236.000000
07-26 11:09:18.342 E/MP-Decision( 1366): UP Ld:88 Nw:1.990000 Tw:140 rq:4.900000 seq:147.000000
07-26 11:09:18.762 E/Sensors ( 667): accelHandler 0.601150 9.880653 -0.064666
07-26 11:09:20.294 E/MP-Decision( 1366): DOWN Ld:25 Ns:1.100000 Ts:190 rq:0.500000 seq:206.000000
07-26 11:09:22.256 E/Sensors ( 667): accelHandler 0.189207 9.905801 0.075443
07-26 11:09:23.477 E/MP-Decision( 1366): UP Ld:22 Nw:1.990000 Tw:140 rq:2.700000 seq:148.000000
07-26 11:09:23.678 E/MP-Decision( 1366): DOWN Ld:33 Ns:1.100000 Ts:190 rq:1.000000 seq:190.000000
07-26 11:09:25.760 E/Sensors ( 667): accelHandler 0.026345 9.801618 0.142504
07-26 11:09:29.264 E/Sensors ( 667): accelHandler 0.135319 9.776470 -0.067061
07-26 11:09:30.825 E/MP-Decision( 1366): UP Ld:14 Nw:1.990000 Tw:140 rq:2.600000 seq:147.000000
07-26 11:09:32.757 E/Sensors ( 667): accelHandler -0.003593 9.781260 -0.245490
07-26 11:09:32.897 E/MP-Decision( 1366): DOWN Ld:15 Ns:1.100000 Ts:190 rq:0.700000 seq:196.000000
07-26 11:09:36.261 E/Sensors ( 667): accelHandler -1.288520 10.048305 -0.282612
07-26 11:09:39.755 E/Sensors ( 667): accelHandler -0.513732 9.145382 -3.467988
07-26 11:09:39.895 E/MP-Decision( 1366): UP Ld:29 Nw:1.990000 Tw:140 rq:2.300000 seq:147.000000
07-26 11:09:41.136 E/MP-Decision( 1366): DOWN Ld:16 Ns:1.100000 Ts:190 rq:0.700000 seq:195.000000
07-26 11:09:43.258 E/Sensors ( 667): accelHandler -0.701741 9.259146 -2.906356
07-26 11:09:46.762 E/Sensors ( 667): accelHandler -0.622705 9.370514 -2.658472
07-26 11:09:50.256 E/Sensors ( 667): accelHandler -0.590372 9.398057 -2.676434
07-26 11:09:53.760 E/Sensors ( 667): accelHandler -0.538879 9.455537 -2.630929
07-26 11:09:57.263 E/Sensors ( 667): accelHandler -0.498164 9.441167 -2.519561
07-26 11:10:00.757 E/Sensors ( 667): accelHandler -0.543669 9.471105 -2.438130
07-26 11:10:02.779 E/MP-Decision( 1366): UP Ld:17 Nw:1.990000 Tw:140 rq:3.200000 seq:147.000000
07-26 11:10:04.261 E/Sensors ( 667): accelHandler -0.550855 9.484278 -2.411785
07-26 11:10:04.431 E/MP-Decision( 1366): DOWN Ld:16 Ns:1.100000 Ts:190 rq:0.900000 seq:196.000000
07-26 11:10:05.082 E/MP-Decision( 1366): UP Ld:13 Nw:1.990000 Tw:140 rq:2.300000 seq:147.000000
07-26 11:10:06.673 E/MP-Decision( 1366): DOWN Ld:14 Ns:1.100000 Ts:190 rq:0.500000 seq:196.000000
07-26 11:10:07.755 E/Sensors ( 667): accelHandler -0.917292 9.175320 -2.187850
07-26 11:10:10.748 E/MP-Decision( 1366): UP Ld:23 Nw:1.990000 Tw:140 rq:2.000000 seq:147.000000
07-26 11:10:11.258 E/Sensors ( 667): accelHandler -0.348475 9.504635 -2.538721
07-26 11:10:12.109 E/MP-Decision( 1366): DOWN Ld:18 Ns:1.100000 Ts:190 rq:1.000000 seq:194.000000
07-26 11:10:13.481 E/MP-Decision( 1366): UP Ld:24 Nw:1.990000 Tw:140 rq:2.000000 seq:147.000000
07-26 11:10:14.642 E/MP-Decision( 1366): DOWN Ld:27 Ns:1.100000 Ts:190 rq:0.900000 seq:196.000000
07-26 11:10:14.762 E/Sensors ( 667): accelHandler -0.296982 9.515412 -2.304009
07-26 11:10:18.256 E/Sensors ( 667): accelHandler -0.313748 9.533375 -2.246528
07-26 11:10:19.287 E/MP-Decision( 1366): UP Ld:27 Nw:1.990000 Tw:140 rq:2.600000 seq:147.000000
07-26 11:10:19.487 E/MP-Decision( 1366): DOWN Ld:39 Ns:1.100000 Ts:190 rq:1.000000 seq:194.000000
07-26 11:10:21.760 E/Sensors ( 667): accelHandler -0.258662 9.523795 -2.187850
07-26 11:10:25.263 E/Sensors ( 667): accelHandler -0.300575 9.533375 -2.183060
07-26 11:10:28.757 E/Sensors ( 667): accelHandler -0.269440 9.526190 -2.210603
07-26 11:10:32.261 E/Sensors ( 667): accelHandler -0.347278 9.574091 -2.054927
07-26 11:10:35.755 E/Sensors ( 667): accelHandler -0.325723 9.623188 -1.983076
07-26 11:10:39.258 E/Sensors ( 667): accelHandler -0.307760 9.630374 -1.809437
07-26 11:10:42.762 E/Sensors ( 667): accelHandler -0.494572 9.213640 -2.448907
07-26 11:10:46.256 E/Sensors ( 667): accelHandler 1.252595 9.507030 -0.592767
07-26 11:10:49.759 E/Sensors ( 667): accelHandler -0.851429 9.624386 -2.174678
07-26 11:10:51.391 E/MP-Decision( 1366): UP Ld:15 Nw:1.990000 Tw:140 rq:2.100000 seq:147.000000
07-26 11:10:51.591 E/MP-Decision( 1366): DOWN Ld:29 Ns:1.100000 Ts:190 rq:0.300000 seq:194.000000
07-26 11:10:53.263 E/Sensors ( 667): accelHandler -0.338895 9.491463 -2.298021
07-26 11:10:56.757 E/Sensors ( 667): accelHandler -0.657433 9.802814 -1.332828
07-26 11:11:00.261 E/Sensors ( 667): accelHandler -0.416733 9.734557 -1.184337
07-26 11:11:03.754 E/Sensors ( 667): accelHandler -0.432301 9.713001 -1.171165
07-26 11:11:07.258 E/Sensors ( 667): accelHandler -0.415536 9.768087 -1.021476
07-26 11:11:07.919 E/MP-Decision( 1366): UP Ld:17 Nw:1.990000 Tw:140 rq:2.000000 seq:147.000000
07-26 11:11:10.632 E/MP-Decision( 1366): DOWN Ld:25 Ns:1.100000 Ts:190 rq:0.700000 seq:196.000000
07-26 11:11:10.762 E/Sensors ( 667): accelHandler -0.373623 9.744137 -1.003513
07-26 11:11:14.256 E/Sensors ( 667): accelHandler -0.391586 9.732162 -1.010698
07-26 11:11:17.759 E/Sensors ( 667): accelHandler -0.421523 9.759705 -0.780776
07-26 11:11:21.263 E/Sensors ( 667): accelHandler -0.414338 9.745335 -0.870590
07-26 11:11:24.757 E/Sensors ( 667): accelHandler -0.414338 9.765692 -0.856219
07-26 11:11:24.777 E/MP-Decision( 1366): UP Ld:13 Nw:1.990000 Tw:140 rq:2.700000 seq:147.000000
07-26 11:11:28.261 E/Sensors ( 667): accelHandler -0.396376 9.765692 -0.805924
07-26 11:11:28.771 E/MP-Decision( 1366): DOWN Ld:26 Ns:1.100000 Ts:190 rq:0.700000 seq:196.000000
07-26 11:11:31.754 E/Sensors ( 667): accelHandler -0.364043 9.787248 -0.698148
07-26 11:11:35.258 E/Sensors ( 667): accelHandler -0.370031 9.726174 -0.690963
07-26 11:11:35.698 E/MP-Decision( 1366): UP Ld:14 Nw:1.990000 Tw:140 rq:2.200000 seq:147.000000
07-26 11:11:38.762 E/Sensors ( 667): accelHandler -0.350870 9.727372 -0.706531
07-26 11:11:39.543 E/MP-Decision( 1366): DOWN Ld:21 Ns:1.100000 Ts:190 rq:0.900000 seq:196.000000
07-26 11:11:42.065 E/MP-Decision( 1366): UP Ld:13 Nw:1.990000 Tw:140 rq:2.600000 seq:147.000000
07-26 11:11:42.255 E/Sensors ( 667): accelHandler -0.346080 9.777667 -0.730481
07-26 11:11:42.265 E/MP-Decision( 1366): DOWN Ld:36 Ns:1.100000 Ts:190 rq:0.900000 seq:190.000000
07-26 11:11:45.759 E/Sensors ( 667): accelHandler -0.336500 9.736952 -0.661025
07-26 11:11:49.263 E/Sensors ( 667): accelHandler -0.331710 9.821975 -0.590372
07-26 11:11:52.757 E/Sensors ( 667): accelHandler -0.347278 9.781260 -0.669408
07-26 11:11:56.260 E/Sensors ( 667): accelHandler -0.319735 9.752520 -0.604742
07-26 11:11:59.754 E/Sensors ( 667): accelHandler -0.300575 9.769284 -0.611928
07-26 11:12:00.064 E/MP-Decision( 1366): UP Ld:18 Nw:1.990000 Tw:140 rq:2.700000 seq:145.000000
07-26 11:12:01.736 E/MP-Decision( 1366): DOWN Ld:14 Ns:1.100000 Ts:190 rq:0.700000 seq:196.000000
07-26 11:12:03.258 E/Sensors ( 667): accelHandler -0.308958 9.776470 -0.674198
07-26 11:12:05.080 E/MP-Decision( 1366): UP Ld:35 Nw:1.990000 Tw:140 rq:3.400000 seq:146.000000
07-26 11:12:06.131 E/MP-Decision( 1366): DOWN Ld:16 Ns:1.100000 Ts:190 rq:0.900000 seq:196.000000
07-26 11:12:06.762 E/Sensors ( 667): accelHandler 4.515810 4.443959 6.594687
07-26 11:12:10.255 E/Sensors ( 667): accelHandler 0.010778 0.798739 9.681867
07-26 11:12:13.759 E/Sensors ( 667): accelHandler 0.189207 0.965193 9.728569
07-26 11:12:17.263 E/Sensors ( 667): accelHandler 0.940045 1.135239 9.557325
07-26 11:12:19.685 E/MP-Decision( 1366): UP Ld:20 Nw:1.990000 Tw:140 rq:2.000000 seq:147.000000
07-26 11:12:20.757 E/Sensors ( 667): accelHandler 1.043031 1.258583 9.596844
07-26 11:12:22.238 E/MP-Decision( 1366): DOWN Ld:14 Ns:1.100000 Ts:190 rq:0.900000 seq:196.000000
07-26 11:12:24.260 E/Sensors ( 667): accelHandler 0.675395 1.562750 9.431587
07-26 11:12:27.754 E/Sensors ( 667): accelHandler -0.644260 0.544867 9.801618
07-26 11:12:31.258 E/Sensors ( 667): accelHandler -0.784369 0.488584 9.826765
07-26 11:12:34.761 E/Sensors ( 667): accelHandler 0.096998 1.059796 9.727372
07-26 11:12:38.255 E/Sensors ( 667): accelHandler -0.640668 0.468226 9.690249
07-26 11:12:41.759 E/Sensors ( 667): accelHandler 0.761616 1.308878 9.733359
07-26 11:12:45.263 E/Sensors ( 667): accelHandler 1.111289 8.844807 -3.670367
07-26 11:12:45.413 E/MP-Decision( 1366): UP Ld:13 Nw:1.990000 Tw:140 rq:3.100000 seq:147.000000
07-26 11:12:45.663 E/MP-Decision( 1366): DOWN Ld:55 Ns:1.100000 Ts:190 rq:1.000000 seq:196.000000
07-26 11:12:47.275 E/MP-Decision( 1366): UP Ld:83 Nw:1.990000 Tw:140 rq:1.300000 seq:147.000000
07-26 11:12:48.106 E/MP-Decision( 1366): DOWN Ld:12 Ns:1.100000 Ts:190 rq:0.500000 seq:196.000000
07-26 11:12:48.756 E/Sensors ( 667): accelHandler 0.476609 9.430389 -2.583029
07-26 11:12:49.027 E/MP-Decision( 1366): UP Ld:9 Nw:1.990000 Tw:140 rq:2.200000 seq:147.000000
07-26 11:12:52.260 E/Sensors ( 667): accelHandler 0.120948 9.466314 3.191364
07-26 11:12:54.713 E/MP-Decision( 1366): DOWN Ld:19 Ns:1.100000 Ts:190 rq:0.500000 seq:206.000000
07-26 11:12:55.754 E/Sensors ( 667): accelHandler -1.143622 8.701106 -1.480122
07-26 11:12:59.258 E/Sensors ( 667): accelHandler -0.027543 9.747729 -1.229843
07-26 11:13:02.761 E/Sensors ( 667): accelHandler 0.038320 9.599238 -1.683699
07-26 11:13:04.433 E/MP-Decision( 1366): UP Ld:24 Nw:1.990000 Tw:140 rq:2.000000 seq:147.000000
07-26 11:13:04.723 E/MP-Decision( 1366): DOWN Ld:26 Ns:1.100000 Ts:190 rq:0.700000 seq:236.000000
07-26 11:13:06.255 E/Sensors ( 667): accelHandler 0.011975 9.656719 -1.617836
07-26 11:13:08.317 E/MP-Decision( 1366): UP Ld:14 Nw:1.990000 Tw:140 rq:2.200000 seq:147.000000
07-26 11:13:08.518 E/MP-Decision( 1366): DOWN Ld:29 Ns:1.100000 Ts:190 rq:1.000000 seq:191.000000
07-26 11:13:09.759 E/Sensors ( 667): accelHandler -0.063468 9.657916 -1.575923
07-26 11:13:13.263 E/Sensors ( 667): accelHandler -0.146096 9.616003 -1.614243
07-26 11:13:16.756 E/Sensors ( 667): accelHandler -0.086221 9.657916 -1.591491
07-26 11:13:20.260 E/Sensors ( 667): accelHandler -0.141306 9.691446 -1.604663
07-26 11:13:23.754 E/Sensors ( 667): accelHandler -0.138911 9.655521 -1.620231
07-26 11:13:27.258 E/Sensors ( 667): accelHandler -0.160466 9.661509 -1.557960
07-26 11:13:28.619 E/MP-Decision( 1366): UP Ld:10 Nw:1.990000 Tw:140 rq:2.700000 seq:147.000000
07-26 11:13:30.281 E/MP-Decision( 1366): DOWN Ld:16 Ns:1.100000 Ts:190 rq:0.500000 seq:196.000000
07-26 11:13:30.761 E/Sensors ( 667): accelHandler -0.135319 9.667497 -1.526825
07-26 11:13:34.255 E/Sensors ( 667): accelHandler -0.125739 9.655521 -1.556763
07-26 11:13:37.759 E/Sensors ( 667): accelHandler -0.156874 9.665101 -1.645378
07-26 11:13:41.262 E/Sensors ( 667): accelHandler -0.149689 9.689052 -1.562750
07-26 11:13:44.756 E/Sensors ( 667): accelHandler -0.156874 9.720187 -1.499282
07-26 11:13:45.527 E/MP-Decision( 1366): UP Ld:18 Nw:1.990000 Tw:140 rq:2.200000 seq:147.000000
07-26 11:13:48.050 E/MP-Decision( 1366): DOWN Ld:24 Ns:1.100000 Ts:190 rq:0.500000 seq:196.000000
07-26 11:13:48.260 E/Sensors ( 667): accelHandler -0.178429 9.739347 -1.451382
07-26 11:13:51.764 E/Sensors ( 667): accelHandler -0.120948 9.675879 -1.478925
07-26 11:13:52.875 E/MP-Decision( 1366): UP Ld:15 Nw:1.990000 Tw:140 rq:3.900000 seq:142.000000
07-26 11:13:53.335 E/MP-Decision( 1366): DOWN Ld:14 Ns:1.100000 Ts:190 rq:0.700000 seq:196.000000
07-26 11:13:55.257 E/Sensors ( 667): accelHandler -0.083826 9.656719 -1.492097
07-26 11:13:58.761 E/Sensors ( 667): accelHandler -0.135319 9.662706 -1.548380
07-26 11:14:02.255 E/Sensors ( 667): accelHandler -0.093406 9.684261 -1.504072
07-26 11:14:05.759 E/Sensors ( 667): accelHandler -0.119751 9.691446 -1.547183
07-26 11:14:09.162 E/MP-Decision( 1366): UP Ld:19 Nw:1.990000 Tw:140 rq:2.000000 seq:145.000000
07-26 11:14:09.262 E/Sensors ( 667): accelHandler -0.073048 9.650731 -1.542393
07-26 11:14:09.863 E/MP-Decision( 1366): DOWN Ld:34 Ns:1.100000 Ts:190 rq:0.700000 seq:196.000000
07-26 11:14:10.043 E/InitializerTaskManagerImpl(30830): INITIALIZE_TSA: elapsed=299573ms failed: com.google.android.apps.wallet.init.InitializerTaskDependenciesFailedException: TSA_INIT_NOT_COMPLETE
07-26 11:14:10.043 E/InitializerTaskManagerImpl(30830): INITIALIZE_TSA: waited: failed: com.google.android.apps.wallet.init.InitializerTaskDependenciesFailedException: TSA_INIT_NOT_COMPLETE
07-26 11:14:10.053 E/InitializerTaskManagerImpl(30830): INITIALIZE_TSA: waited: failed: com.google.android.apps.wallet.init.InitializerTaskDependenciesFailedException: TSA_INIT_NOT_COMPLETE
07-26 11:14:10.053 E/InitializerTaskManagerImpl(30830): INITIALIZE_SECURE_ELEMENT: aborting; failedDependencies=[INITIALIZE_TSA]
07-26 11:14:10.063 E/InitializerTaskManagerImpl(30830): INITIALIZE_SECURE_ELEMENT: waited: failed: com.google.android.apps.wallet.init.InitializerTaskDependenciesFailedException: [INITIALIZE_TSA]
07-26 11:14:10.063 E/InitializerTaskManagerImpl(30830): INITIALIZE_SECURE_ELEMENT: waited: failed: com.google.android.apps.wallet.init.InitializerTaskDependenciesFailedException: [INITIALIZE_TSA]
07-26 11:14:10.073 E/InitializerTaskManagerImpl(30830): CHECK_SECURE_ELEMENT_ID: aborting; failedDependencies=[INITIALIZE_SECURE_ELEMENT]
07-26 11:14:10.073 E/InitializerTaskManagerImpl(30830): CHECK_SECURE_ELEMENT_ID: waited: failed: com.google.android.apps.wallet.init.InitializerTaskDependenciesFailedException: [INITIALIZE_SECURE_ELEMENT]
07-26 11:14:10.083 E/InitializerTaskManagerImpl(30830): CHECK_SECURE_ELEMENT_ID: waited: failed: com.google.android.apps.wallet.init.InitializerTaskDependenciesFailedException: [INITIALIZE_SECURE_ELEMENT]
07-26 11:14:10.173 E/MP-Decision( 1366): UP Ld:27 Nw:1.990000 Tw:140 rq:3.400000 seq:147.000000
07-26 11:14:10.173 E/AndroidRuntime(30830): FATAL EXCEPTION: main
07-26 11:14:10.173 E/AndroidRuntime(30830): java.lang.UnsupportedOperationException: DEPENDENT_TASK_FAILED
07-26 11:14:10.173 E/AndroidRuntime(30830): at com.google.android.apps.wallet.init.InitializerTaskFailure$18.doShowExitingMessageBox(InitializerTaskFailure.java:322)
07-26 11:14:10.173 E/AndroidRuntime(30830): at com.google.android.apps.wallet.init.InitializerTaskFailure.showExitingMessageBox(InitializerTaskFailure.java:329)
07-26 11:14:10.173 E/AndroidRuntime(30830): at com.google.android.apps.wallet.ui.init.InitializerPresenter$3.run(InitializerPresenter.java:187)
07-26 11:14:10.173 E/AndroidRuntime(30830): at android.os.Handler.handleCallback(Handler.java:725)
07-26 11:14:10.173 E/AndroidRuntime(30830): at android.os.Handler.dispatchMessage(Handler.java:92)
07-26 11:14:10.173 E/AndroidRuntime(30830): at android.os.Looper.loop(Looper.java:137)
07-26 11:14:10.173 E/AndroidRuntime(30830): at android.app.ActivityThread.main(ActivityThread.java:5238)
07-26 11:14:10.173 E/AndroidRuntime(30830): at java.lang.reflect.Method.invokeNative(Native Method)
07-26 11:14:10.173 E/AndroidRuntime(30830): at java.lang.reflect.Method.invoke(Method.java:511)
07-26 11:14:10.173 E/AndroidRuntime(30830): at com.android.internal.os.ZygoteInit$MethodAndArgsCaller.run(ZygoteInit.java:795)
07-26 11:14:10.173 E/AndroidRuntime(30830): at com.android.internal.os.ZygoteInit.main(ZygoteInit.java:562)
07-26 11:14:10.173 E/AndroidRuntime(30830): at dalvik.system.NativeStart.main(Native Method)
07-26 11:14:11.545 E/MP-Decision( 1366): DOWN Ld:39 Ns:1.100000 Ts:190 rq:1.000000 seq:217.000000
07-26 11:14:12.726 E/MP-Decision( 1366): UP Ld:10 Nw:1.990000 Tw:140 rq:3.000000 seq:146.000000
07-26 11:14:12.756 E/Sensors ( 667): accelHandler -0.512534 9.568103 -2.041754
07-26 11:14:12.786 E/InputDispatcher( 667): channel '41452068 com.google.android.apps.walletnfcrel/com.google.android.apps.wallet.ui.init.InitializerActivity (server)' ~ Channel is unrecoverably broken and will be disposed!
07-26 11:14:13.527 E/MP-Decision( 1366): DOWN Ld:24 Ns:1.100000 Ts:190 rq:0.000000 seq:216.000000
07-26 11:14:15.018 E/MP-Decision( 1366): UP Ld:57 Nw:1.990000 Tw:140 rq:2.900000 seq:147.000000